inder when b is divided by s(-1)?
5
Let o(a) = 11*a**2 + 3*a + 3. Let m = 42 - 13. Calculate the remainder when m is divided by o(-1).
7
Let i(f) = -f**3 + 3*f**2 + 2*f + 16. Calculate the remainder when i(-5) is divided by 26.
24
Let o(m) = 4*m - 7. Let v be o(2). Let q(p) = 21*p**2 - p - 1. Let h be q(v). Suppose -14*b + h*b = 130. Calculate the remainder when 75 is divided by b.
23
Suppose 4*l - 68 = 5*a, a - 4*a + 12 = 2*l. Let m(k) = k - 11. Calculate the remainder when 4 is divided by m(l).
0
Let l be -2 + (-129)/(-6)*2. Let v = l + -36. Calculate the remainder when v is divided by 4.
1
Suppose 0*u - 346 = -4*i - 3*u, -2*u = 4*i - 344. Suppose 82*g = i*g - 30. Calculate the remainder when 28 is divided by g.
8
Let y = -91 - -122. Calculate the remainder when 60 is divided by y.
29
Suppose 2*a - a - 51 = 0. Calculate the remainder when a is divided by 1*(-21)/(-7) - -10.
12
Suppose -11*l + 5*v = -13*l + 287, 2*v = 10. Calculate the remainder when l is divided by 41.
8
Let c = 5 - -3. Suppose -5*g + 59 = b, c*b - 8 = -g + 4*b. Let x(w) = -w**3 - 4*w**2 + 3*w + 12. What is the remainder when x(-5) is divided by g?
10
Suppose -y = -2*x - 368, 3*y - 1455 = -5*x - 307. Calculate the remainder when y is divided by 14.
12
Suppose -5 + 1 = -2*j. Suppose -3*i + 155 = j*i. What is the remainder when i is divided by 135/18 - 3/(-6)?
7
Let z = -3 + 7. Suppose b + z*b - 105 = 0. What is the remainder when b is divided by (69/(-115))/(((-1)/(-20))/(-1))?
9
What is the remainder when 77 is divided by -2 + 8/(5/(-15)*-3)?
5
Suppose 49 + 127 = 4*b. Calculate the remainder when 99 is divided by b.
11
Suppose s - 25 = -4*s - n, 20 = 4*s + 4*n. Suppose 3*w + 4*c - 18 = 34, 0 = -s*w + 4*c + 44. Calculate the remainder when 57 is divided by w.
9
Let u(r) be the third derivative of r**6/120 + r**5/10 + r**4/12 - 7*r**3/6 + 2*r**2. What is the remainder when 140/6 + 12/(-36) is divided by u(-5)?
7
Let h = -282 - -301. What is the remainder when 30 is divided by h?
11
Let w be (96/6)/(-4) - -16. Suppose -84 = -2*a + 8. Calculate the remainder when a is divided by 14 + -9 + -1 + w.
14
Suppose 4*j + 15 = r, -7*r + 24 = -3*r + 2*j. Calculate the remainder when 54 is divided by r.
5
Let f(k) = -k**3 - 4*k**2 - 6*k - 2. Calculate the remainder when 285 is divided by f(-4).
21
Suppose -118*c = -61*c - 15789. What is the remainder when c is divided by 60?
37
Suppose 3*t + 11 = 17. Suppose -3*y - 14 = -4*y - t*a, -5*y + 46 = -2*a. Calculate the remainder when 37 is divided by y.
7
Suppose 0 = -22*t + 9*t - 13. What is the remainder when 109 is divided by (7/(-6) - t) + (-892)/(-24)?
35
Let o(c) = 16*c**2 + 9*c - 9. Let t be o(-4). Suppose 4*d = 4*v + d - 253, 3*v + 2*d - t = 0. What is the remainder when v is divided by 34?
33
Calculate the remainder when 110 is divided by 1 + -9 + 531/9.
8
Let i = -5 + 10. Suppose 0*z + 102 = i*c - 4*z, 5*z - 120 = -5*c. Calculate the remainder when c is divided by 1*12*(1 - (-1)/(-2)).
4
Suppose 3*f - 2 = -4*y, -f = -4*f - 5*y + 4. Let i(n) = 3*n**2 - 4*n - 3. Suppose 0 = -0*t + 15*t - 750. Calculate the remainder when t is divided by i(f).
16
Suppose 5*d - 157 = 943. Suppose a - 2*a = -1, -2*n - 4*a + d = 0. Calculate the remainder when n is divided by 37.
34
Let x = 6 + 14. Let z be -4 + 88/12 + (-10)/(-15). Let w = x + z. What is the remainder when w is divided by 13?
11
Let l = 93 + -10. Let i = l + -77. Let q = 16 + -8. What is the remainder when q is divided by i?
2
Suppose 3*b = -4*o + 1, -4*b + 0*o - 40 = -5*o. Let c(u) = -u - 2. What is the remainder when 9 is divided by c(b)?
0
Calculate the remainder when 46 is divided by -3 - ((-108)/(-4))/(-1).
22
Let g(x) = 8*x - 48. Calculate the remainder when 44 is divided by g(7).
4
Let q = -50 + 51. Let s(o) = 27*o**2 - o + 1. What is the remainder when s(q) is divided by 16?
11
What is the remainder when 137 is divided by (-9)/(-3)*2 - (-28)/7?
7
What is the remainder when (1/(-2) + 0)/(270/(-22140)) is divided by 27?
14
Let a be (-1 - -66)*(0 + 1). Suppose 0 = 15*k - 56 - 34. What is the remainder when 19 is divided by 1/k - a/(-6)?
8
Let a(h) = -8 - 1 + 2*h**2 + 4 - 8. Calculate the remainder when 93 is divided by a(4).
17
Let o(r) = r**2 + 15*r + 92. Calculate the remainder when 333 is divided by o(-12).
53
Let o = 52 - 48. Suppose -11*a + 210 = -o*a. Calculate the remainder when a is divided by 16.
14
Let b(z) = -2*z + 3. Let r be b(5). Let i(x) = x**2 + 5*x + 11 - 29 + 10 + 12. Calculate the remainder when 34 is divided by i(r).
16
Suppose 57*y = 51*y + 48. What is the remainder when 14 is divided by y?
6
Suppose 3*i + 1 = 2*f, 5 = 3*f - 4*i + 2. Suppose -2*k + 24 = -u, -39 + 9 = -k + f*u. Calculate the remainder when k is divided by 6.
4
Let f = 137 - 119. Calculate the remainder when 78 is divided by f.
6
Suppose -j + 2*l + 443 = 0, 5*l - 2*l = 5*j - 2250. What is the remainder when j is divided by 19?
16
Let r = -229 + 234. Calculate the remainder when 33 is divided by r.
3
Let b = -807 - -822. Let i = 1 - 3. What is the remainder when 47 is divided by (9/b)/(i/(-40))?
11
Suppose -4*o = -4*u + 80, 2*o + 23 = -u + 2*u. Let z be 6/(-8) + (-4)/48*-321. Suppose 25*s + 48 = z*s. Calculate the remainder when s is divided by u.
14
Let v = -118 - -156. What is the remainder when 73 is divided by v?
35
Suppose 72 = 4*r - 112. Suppose -k = -1, w - 4 - r = -3*k. Let o = 82 - w. What is the remainder when o is divided by 9?
8
Suppose 0 = -5*g + 39 + 16. Suppose -4*c - 3*n = 26, 3*c - 5*c = -5*n. Let v = c + 11. What is the remainder when g is divided by v?
5
Calculate the remainder when (-6*(-3)/(-12))/(3/(-536)) is divided by 69.
61
Suppose b + 648 = 19*b. What is the remainder when b is divided by 4?
0
Suppose 3*x - x = 42. Suppose 0*f = 5*f - 335. Calculate the remainder when f is divided by (x - 17)*(7/2 + 0).
11
Let j = 13 - 13. Suppose -2*n - 2*v + j*v = 2, -5*n + v = -19. What is the remainder when n - (-4)/((-12)/(-51)) is divided by 7?
6
Suppose -17*r = -18*r + 9. What is the remainder when r is divided by 4?
1
Suppose 10*a = 9*a + s + 11, -6 = 3*s. Calculate the remainder when 114 is divided by a.
6
Let a be -2 - (-96)/15 - 6/(-10). Suppose 0 = -4*r - 5*c + 3*c + 78, -a*r = -c - 115. Calculate the remainder when r is divided by 12.
10
Suppose 70 = -5*g + 190. Let c = 33 - g. What is the remainder when 5 is divided by c + -6 - (1 + 0)?
1
Suppose 0 = -3*z + 7*z - 124. Let g = 3 + 1. Suppose 0 = 5*t + m - 83, 2*t - 4*t + g*m = -42. What is the remainder when z is divided by t?
14
Suppose 5*n = -5*r - 58 + 273, -4*n + r = -167. What is the remainder when 164 is divided by n?
38
Suppose -2*v + 13 = 2*r + r, 3*r = v - 2. Suppose 2*u = -8, -v*t + 3*u = 42 + 21. Let k = t + 78. What is the remainder when k is divided by 16?
15
Let l(b) = b**2 + 13*b + 10. Suppose a + 0*a = 2*u + 19, -5*a + u + 77 = 0. Calculate the remainder when l(-16) is divided by a.
13
Suppose -4*c = -14 - 78. Let t = -9 + c. Calculate the remainder when 81 is divided by t.
11
Let k(o) = o**3 - 5*o**2 - 3*o - 3. Suppose 5*u = 32 - 2. Let h be k(u). Suppose -2*b + h + 11 = 0. Calculate the remainder when 25 is divided by b.
12
Let y(g) = 0 + 2*g**3 + 7 - 5*g - 7*g**2 - g**2 + 2. Calculate the remainder when y(6) is divided by 42.
39
Suppose 0 = 3*a - 15, 0*s + s - 9 = -3*a. Suppose o = 4*u - 21, -4*o = -3*u - 0*u + 58. Let t = s - o. What is the remainder when 17 is divided by t?
3
Let g = -9 + 23. Suppose 2*d = -3*d + 10. Suppose -8 = -d*t + 2. Calculate the remainder when g is divided by t.
4
Suppose 12 = -0*c + 4*c. Calculate the remainder when 86 is divided by (3 - -1)/(((-6)/c)/(-8)).
6
Suppose 0*k = 3*j + 4*k - 117, -3*j - k = -108. Suppose -3*x - j = -101. Calculate the remainder when x is divided by 6.
4
Calculate the remainder when 313 - ((-1)/(-4))/(16/64) is divided by 63.
60
Suppose 14 = 4*m + 10*m. Calculate the remainder when (m/2)/(((-72)/8)/(-4086)) is divided by 57.
56
Suppose 25 = 5*w, 0 = -4*r + w - 0*w + 23. Suppose -x - 6 = 4. Let q(m) = -m**3 - 10*m**2 - 2*m - 10. Calculate the remainder when q(x) is divided by r.
3
Let w(f) = f**3 - 8*f**2 + f + 34. Let t(i) = i + 3. Calculate the remainder when w(8) is divided by t(6).
6
Let l(i) = i**3 + 21*i**2 - 54*i - 30. What is the remainder when 